 1009) + -19 + 1 + 2 + 4 + -4?
-8
-48 + 7 + 2 - 6 - (-28 + 25)
-42
Calculate -156 + (20 - (-59 - -32)) + 43.
-66
Evaluate -20 + (-142 - -168) + 1 + -14.
-7
What is 30 + (31 - 57) + 2 + -37 + 3?
-28
Evaluate -78 - (76 - (81 - -51)).
-22
What is 63 + (20 - (5 + 11) - (-1 + -9))?
77
What is the value of 707 - 693 - (-1 + (2 - (15 + -4)))?
24
What is (9 - (-20 + 35)) + -52 + 17?
-41
90 + -82 + 113 + -80
41
-46 + (23 + 57 - 49)
-15
What is (62 - 157 - 44) + 4?
-135
8 + 69 - 59 - -65
83
Calculate (-3 - 2 - (-418 + 430)) + 27 + -17.
-7
(203 - (-57 + 135)) + -53
72
What is -118 - 186 - (-38 - 120)?
-146
(0 - 16) + -4 + -6 + (23 - -4)
1
What is -19 + -20 + 27 + 19 - (9 - 0) - -67?
65
21 + (-92 - 18) + -12 - -36
-65
Calculate -20 - (74 + (62 - 131)).
-25
-7 + 30 + -21 + 40
42
What is (2 + (0 - -8) - (4 + -1)) + 3?
10
Calculate -34 + 1 + (199 - (165 - 20)).
21
What is the value of 15 + (-14 - (33 - 10)) + -41 + 5?
-58
14 + 0 + -9 + 18 + -29
-6
What is the value of (83 - -17) + (2 - -3) + -111 + 113?
107
Evaluate (-18 - (16 + -1 - 12)) + -49.
-70
Calculate -32 + 85 - (1 + -4 - (-83 + 81)).
54
Calculate 2 - (-37 + 78 + -26).
-13
Calculate -34 + (-63 - -59) + -26.
-64
-15 + (-1 - -3) + 5 + (10 - -9) - -69
80
What is (-29 - (-44 - 29)) + -31?
13
Calculate (-31 - (2 - (3 + 3))) + (39 - 35).
-23
Evaluate 14 + (-14 - (5 - 9) - 0) - (-80 + 0).
84
What is the value of 69 + -8 + 4 - (-22 - (12 - 26))?
73
What is 8 - ((-17 - 1) + 144 + -106)?
-12
What is the value of -90 + 21 + (109 + -100 - (2 + 11))?
-73
Calculate (-11909 - -12013) + (2 - 76).
30
-1 + (-19 - -10) + 112 + (23 - 53 - -19)
91
Calculate -4 - (-28 + -15 + 86).
-47
Evaluate (23 - 1) + 298 + -306 - (112 + 1).
-99
Calculate (1 + -4 - -21) + (698 - 681).
35
Evaluate -35 + (105 - (21 + 40)).
9
What is the value of 2443 + -2486 + 0 + 66?
23
Evaluate 17 + (-15 - (11 - (9 - 13))).
-13
Calculate 41 + (-20 + 15 - -10).
46
What is the value of 132 + -122 - (-22 + 85 - (1 + -2 + 5))?
-49
-1 + (2 - -41) + (-8 - (-8 - -1))
41
(1371 - 1361) + (21 - 17) + (2 - 2 - 69)
-55
Calculate -2 - (-20 + -2 + 11 + -39).
48
What is the value of 134 + -49 - -28 - 50?
63
Calculate -25 - (23 - (98 + -35)).
15
Evaluate (-1 + 76 - 57) + 5 + -12 + -4 + 10.
17
Evaluate (-25 - -30) + 0 + -6.
-1
(-13 - (13 + -5 - 12)) + 24 + -4
11
What is the value of -12 + (35 - 59) + 26 - 30?
-40
What is -14 + 38 + -42 - -10 - -21?
13
What is 36 + -101 + -17 - -38?
-44
Evaluate 12 + -4 + 0 - (-6 + (-58 - (54 + -17))).
109
Evaluate 16 - ((56 - -1) + (289 - 306)).
-24
What is -2 + -3 + 2 + (-39 - -50 - -11 - 14)?
5
What is (11 - -3) + 118 + 14 + (2 - 10)?
138
Calculate (90 - -69 - 87) + -44.
28
What is 19 - (-2 - -2) - (2 - (45 - (50 - 8)))?
20
Evaluate -52 + 17 + (-27 + 11 - -9) + 25 + -19.
-36
4 - -1 - (((-6 - 7) + -24 - -21) + 25)
-4
Evaluate -15 - (0 - 34 - 46).
65
Evaluate (-38 - -39) + 6 + (-10 - 0) + -15.
-18
(12 + (1 - -11 - 23) - 44) + 0
-43
Evaluate 73 + 61 + -128 + 20.
26
Calculate -1 - -51 - (-62 - (-26 + -57)).
29
Evaluate -38 + 42 + (-4 - -6) - (0 + -16).
22
What is (-1 - 21 - (61 + (-26 - 41))) + -54?
-70
What is the value of 6 + (-4 - 8) + -4 + 0 + (9 - -74)?
73
Calculate 21 - 38 - -16 - (-2 + -39).
40
What is the value of 39 + 1 + (319 - 359)?
0
Evaluate (-2 - 1) + (-19 - 0) + (-5 - (16 + -28)).
-15
Evaluate (-110 - -112) + -91 + 161.
72
Calculate (-14987 - -14968) + -10 + 2 + -2.
-29
Evaluate 5 + ((15 - -16) + (3 - (-2 + 3)) - -9).
47
What is 37 + (61 - 108) + -74?
-84
What is the value of (0 - 14) + -5 + 6 + (-61 - -63) - 51?
-62
1 + 16 - (-1369 + 1330)
56
Calculate (2421 + -2415 - (0 + -3 + -6)) + -16 + 1.
0
Calculate 7 - (-3 + (-1 - -1) + -178 + 180 - 26).
34
Evaluate 7 - (16 + (-40 - -9) + (46 - 0)).
-24
Calculate (0 - -9) + 4 + (33 - (8 + 7)).
31
What is -54 - (1 + -5 + -24 + -9 + 23)?
-40
Calculate 408 + -400 + (93 - 2 - (-19 - -20)).
98
Calculate (11 + (12 - 10) - -7) + 14.
34
What is (87 - 89) + (-4 - (0 - 7) - (17 - -2))?
-18
Calculate ((-14 - -73) + -26 - 38) + -21.
-26
-101 - (-153 + -54 - -108)
-2
Evaluate 169 + -78 - (-136 + 183).
44
Evaluate (-2 - 10) + (-163 - (-125 - 18)).
-32
(25 - (-14 - -26)) + 9 + 5 + 5
32
What is the value of -60 + (0 - 52) + 31?
-81
What is the value of -86 - -2 - (-7 + (18 - 7) - (2 - -16))?
-70
(-1 - -1) + (33 - (23 - 22)) + -146
-114
Calculate 62 - (-48 + (30 - 36)) - (1 - (1 - -15)).
131
What is 54 + -20 + -163 + 81?
-48
Calculate 12 - (10 + -1 + -12 + -8).
23
What is the value of -84 + 1 - (-22 - (10 - 31)) - (-7 - 3)?
-72
Calculate 14 + (-17 - (21 + -43)) + 17.
36
Evaluate (8 - 9) + 2 + 1 + (1578 - 1611).
-31
Evaluate (-71 - (37 + -69)) + (-8 - -2).
-45
Evaluate 9 + -19 + 55 + (-157 - -39).
-73
What is 67 - (-19 + (10 + -8 - -11) - (15 - 18))?
70
What is 1728 + -1725 + 52 + (-1 + 2 - -1)?
57
Calculate (48 - (11 - -20)) + 0 + 33.
50
-33 + 101 + -54 + -25
-11
Evaluate 7 + 62 + -83 + 61.
47
What is -4 + -1 - (-1465 - -1453)?
7
What is the value of (5 + (-6 - -5) - 7) + (-78 - -105)?
24
Evaluate (-4 + 0 - -1) + (30 + (-21 - -12) - 46).
-28
Calculate (0 - -1 - 3) + -18 + (-22 - -11).
-31
Calculate (-54 - -61 - 30) + 2.
-21
What is the value of ((-1 - 0) + -2 - -2) + 4 - (0 + -24)?
27
97 + -25 + (12 + -22 - -14 - -3)
79
Calculate 238 + -74 + -30 + 6.
140
Calculate (67 - (-28 + 58)) + -6 - -3.
34
What is the value of -73 + -25 - (4 + (7 - (-8 + (15 - -6))))?
-96
Evaluate -23 - (-4 - -4) - (601 + -620).
-4
What is the value of 90 - (86 + -140 + (-4 - -51))?
97
Calculate 60 + (-40 - -17) - (1 + 2 + 0).
34
What is -56 + 181 + -72 + -28?
25
5 - (-37 - (-7 + (-11 - (1 - (6 + 3)))))
32
18 - 18 - (-19 + 12) - 9 - (33 + 0)
-35
What is 58 - (55 - 13) - 11 - -84?
89
What is 4 - (-10 - (-30 + -4))?
-20
What is (15 - (-55 - -35)) + 8?
43
Calculate 8 + -1 - (30 - -7).
-30
Evaluate (-9 - (18 - (5 + 11 + -69))) + -18.
-98
What is the value of -224 + 129 - -98 - (4 + -3 + 16)?
-14
What is the value of -663 + 674 + 41 + 3 + -2?
53
Calculate -52 + -3 + -3 - ((225 - 101) + -106).
-76
What is (537 - (1298 + -700)) + (-1 - (1 - 15 - 1))?
-47
What is the value of (0 - (10 - -2)) + 2 + (-3 - 7)?
-20
Evaluate (1 - (3 + -2 + 1 - -11)) + 73594 + -73495.
87
-62 + (39 + -2 - -12)
-13
488 + -482 - (1 + -19)
24
(-17 - (7 - 4)) + (220 - 209)
-9
What is the value of (24 - (-24 + 37)) + -54 + 9?
-34
Evaluate 48 + (-10 - -26) + -19 + 8 + -6.
47
Evaluate 20 + (81 + -94 - (-48 + 11)).
44
Evaluate 14 + (5 + -2 + 3 - 6) + 15.
29
What is the value of 13 - (-1 + 160 + -142 + (-8 - 0))?
4
What is -20 - ((-38 - 31) + 106)?
-57
Calculate -9 + (-30 - (-41 - (5 + -26))).
-19
What is the value of -48 + 5 - (-6 + 0 - (-4 - -4))?
-37
-5 - -31 - ((11 - 39) + 38)
16
What is 66 - (50 - (27 + 16))?
59
(-16 + 19 - 11) + (15 - -12)
19
Calculate -44 + (-1 + -17 + -11 + 15 - (-126 - -121)).
-53
What is 12 + (2 - 3) - (-12 - (-15 + 5) - 31)?
44
What is the value of 29 - ((-3 - -38 - 16) + -21)?
31
-1126 + 1107 - (-17 + -3 - 0)
1
What is the value of 32 + -12 - (30 + -24 - (2 + -8))?
8
What is (5 + -65 - -46) + 31?
17
(-2 - -88) + (38 - (184 - 123))
63
Evaluate -1 + 2 + (-107 + 68 - -5).
-33
Calculate -22 + (2 - -2) + 0 - -67.
49
Evaluate -2 + 3 + (-3 - -42 - (-34 + 40)).
34
Calculate 10712 + -10677 + 42 + 2.
79
What is the value of (-2 - -36) + -42 + 43 + -119 + 124?
40
What is the value of 115 + -2 + 61 + -141 + 95?
128
What is -1 + 9 - (-183 - -214) - 2?
-25
Evaluate 14 + 1 + (-162 + -44 - -187).
-4
What is 1 + (51 - 8) + -47 - (-1 + 0 + -35)?
33
Calculate -200 + 201 + (-2 + 2 + 3 - -67).
71
What is the value of (-2 - -1) + (-51 + -3 + -5 + 0 - 8)?
-68
Evaluate 41 - (-41 - (40 - 41)) - 23.
58
What is the value of -5 + 0 + (16223 - 16313)?
-95
What is -1 + -116 - (-337 - -94)?
126
(1 - 15) + (-16 - (-17 + 18)) + -14
-45
What is 2 + (12 + -19 - -5) - 9?
-9
What is (33 - 0) + (-53 - -25) + 24 + -5?
24
What is -9 - (-12 - (-16 - -10) - 10) - (-20 + -2)?
29
What is the value of (10650 - 10668) + (-2 - 75)?
-95
Evaluate -37 + (36 - 65) + -5.
-71
18 + (1 - ((-33 - 18) + -3) - 4)
69
-2 + (18 - 24 - -2 - -7)
1
What is the value of -7 - (-28 + -41 + 3)?
59
2 + 8 + -7 + 59 - (-12 - -23)
51
Calculate -27 + 29 + 19 - (-24 - -3).
42
Calculate (-197 - -161) + 2 + -6 + -90.
-130
Calculate 24 - (73 + (-71 - 4)).
26
What is the value of 156 - 53 - (3 + 6 + -23 - -1)